94?
2, 3, 7, 11257
What are the prime factors of 295846?
2, 53, 2791
What are the prime factors of 11032270?
2, 5, 419, 2633
What are the prime factors of 22206?
2, 3, 3701
What are the prime factors of 415709?
7, 59387
List the prime factors of 2929756.
2, 732439
What are the prime factors of 382197?
3, 127399
List the prime factors of 1411568.
2, 88223
List the prime factors of 23041.
23041
List the prime factors of 9187648.
2, 89, 1613
What are the prime factors of 308607?
3, 13, 41, 193
What are the prime factors of 812665?
5, 7, 31, 107
List the prime factors of 16960.
2, 5, 53
What are the prime factors of 202143?
3, 43, 1567
List the prime factors of 2385319.
2385319
What are the prime factors of 18827791?
3691, 5101
List the prime factors of 3461652.
2, 3, 96157
What are the prime factors of 3738623?
7, 17, 89, 353
What are the prime factors of 14400938?
2, 17, 423557
What are the prime factors of 6946265?
5, 127, 10939
List the prime factors of 99016.
2, 12377
What are the prime factors of 232965?
3, 5, 31, 167
List the prime factors of 635134.
2, 541, 587
What are the prime factors of 12877?
79, 163
List the prime factors of 597994.
2, 37, 8081
List the prime factors of 13029916.
2, 73, 44623
List the prime factors of 297409.
7, 42487
List the prime factors of 473677.
181, 2617
List the prime factors of 827303.
827303
List the prime factors of 1551784.
2, 13, 43, 347
List the prime factors of 297235.
5, 59447
What are the prime factors of 22452334?
2, 311, 36097
List the prime factors of 926664.
2, 3, 38611
List the prime factors of 267985.
5, 53597
List the prime factors of 361760.
2, 5, 7, 17, 19
What are the prime factors of 170619?
3, 56873
What are the prime factors of 718611?
3, 31, 7727
List the prime factors of 7178060.
2, 5, 358903
What are the prime factors of 988926?
2, 3, 164821
List the prime factors of 1233717.
3, 211, 1949
List the prime factors of 2799851.
89, 163, 193
What are the prime factors of 1286406?
2, 3, 11, 73, 89
What are the prime factors of 4310995?
5, 13, 29, 2287
List the prime factors of 2289885.
3, 5, 13, 11743
What are the prime factors of 7241891?
7241891
List the prime factors of 1903148.
2, 13, 36599
List the prime factors of 344360.
2, 5, 8609
List the prime factors of 2082856.
2, 19, 71, 193
List the prime factors of 3777849.
3, 107, 3923
List the prime factors of 3465102.
2, 3, 577517
What are the prime factors of 3733792?
2, 116681
What are the prime factors of 1707972?
2, 3, 7, 20333
List the prime factors of 23735579.
7, 19, 179, 997
List the prime factors of 402237.
3, 11, 17, 239
List the prime factors of 4441517.
37, 120041
List the prime factors of 11489397.
3, 23, 73, 2281
What are the prime factors of 460518?
2, 3, 76753
What are the prime factors of 1114496?
2, 8707
List the prime factors of 509906.
2, 193, 1321
What are the prime factors of 9793527?
3, 71, 45979
What are the prime factors of 217470?
2, 3, 5, 11, 659
What are the prime factors of 160851?
3, 53617
What are the prime factors of 4704705?
3, 5, 104549
List the prime factors of 2265725.
5, 7, 11, 107
What are the prime factors of 356245?
5, 71249
List the prime factors of 556932.
2, 3, 46411
List the prime factors of 16227.
3, 601
What are the prime factors of 2225031?
3, 741677
What are the prime factors of 940405?
5, 19, 521
List the prime factors of 4356547.
13, 53, 6323
List the prime factors of 5905251.
3, 11, 59, 337
What are the prime factors of 402847?
402847
List the prime factors of 1253780.
2, 5, 11, 41, 139
List the prime factors of 956859.
3, 19, 16787
List the prime factors of 13541391.
3, 449, 1117
List the prime factors of 24871355.
5, 163, 30517
What are the prime factors of 514496?
2, 8039
What are the prime factors of 1047670?
2, 5, 13, 8059
List the prime factors of 323079.
3, 107693
List the prime factors of 109931.
211, 521
List the prime factors of 1515129.
3, 7, 11, 937
List the prime factors of 401150.
2, 5, 71, 113
List the prime factors of 85118.
2, 11, 53, 73
List the prime factors of 558031.
31, 47, 383
List the prime factors of 12458860.
2, 5, 622943
List the prime factors of 45319025.
5, 17, 29, 3677
List the prime factors of 8532069.
3, 7, 13, 31253
List the prime factors of 6077001.
3, 7, 289381
List the prime factors of 932227.
932227
List the prime factors of 6330168.
2, 3, 13, 6763
List the prime factors of 365802.
2, 3, 41, 1487
List the prime factors of 496854.
2, 3, 3067
List the prime factors of 105149.
11, 79
List the prime factors of 3134636.
2, 101, 7759
List the prime factors of 8418195.
3, 5, 127, 491
List the prime factors of 619976.
2, 7, 11071
What are the prime factors of 374483?
374483
List the prime factors of 7379073.
3, 13, 21023
List the prime factors of 283989.
3, 181, 523
List the prime factors of 1401662.
2, 700831
List the prime factors of 1066259.
401, 2659
What are the prime factors of 8212?
2, 2053
What are the prime factors of 305049?
3, 23, 4421
List the prime factors of 1142660.
2, 5, 19, 31, 97
What are the prime factors of 174120?
2, 3, 5, 1451
What are the prime factors of 279367?
11, 109, 233
What are the prime factors of 229436?
2, 41, 1399
What are the prime factors of 25040070?
2, 3, 5, 11, 8431
What are the prime factors of 1760779?
1760779
List the prime factors of 357415.
5, 71483
What are the prime factors of 211382?
2, 105691
List the prime factors of 12426291.
3, 51137
What are the prime factors of 557915?
5, 241, 463
List the prime factors of 19024.
2, 29, 41
What are the prime factors of 653201?
19, 31, 1109
What are the prime factors of 1474106?
2, 737053
What are the prime factors of 615381?
3, 13, 31, 509
What are the prime factors of 3662280?
2, 3, 5, 3391
List the prime factors of 22384711.
467, 47933
List the prime factors of 1681802.
2, 193, 4357
List the prime factors of 10835800.
2, 5, 17, 3187
What are the prime factors of 119686?
2, 7, 83, 103
What are the prime factors of 1684121?
257, 6553
What are the prime factors of 839685?
3, 5, 7, 11, 727
List the prime factors of 445341.
3, 13, 19, 601
List the prime factors of 4574630.
2, 5, 19, 24077
List the prime factors of 141204.
2, 3, 7, 41
List the prime factors of 63883.
193, 331
List the prime factors of 9838112.
2, 23, 13367
What are the prime factors of 2832013?
17, 23, 7243
List the prime factors of 991478.
2, 103, 4813
List the prime factors of 282493.
282493
List the prime factors of 6574021.
23, 285827
List the prime factors of 7046.
2, 13, 271
List the prime factors of 19713160.
2, 5, 401, 1229
List the prime factors of 168000.
2, 3, 5, 7
List the prime factors of 970128.
2, 3, 6737
What are the prime factors of 406779?
3, 135593
List the prime factors of 1854674.
2, 23, 1753
List the prime factors of 2414946.
2, 3, 29, 13879
List the prime factors of 135312.
2, 3, 2819
What are the prime factors of 779207?
11, 13, 5449
What are the prime factors of 13084226?
2, 6542113
What are the prime factors of 22235973?
3, 1663, 4457
List the prime factors of 60388.
2, 31, 487
What are the prime factors of 28555838?
2, 947, 15077
List the prime factors of 15812634.
2, 3, 41, 64279
List the prime factors of 7063187.
929, 7603
What are the prime factors of 3678320?
2, 5, 45979
What are the prime factors of 139203?
3, 15467
List the prime factors of 1935225.
3, 5, 47, 61
List the prime factors of 2215814.
2, 17, 65171
List the prime factors of 2070170.
2, 5, 207017
What are the prime factors of 2403702?
2, 3, 7, 6359
What are the prime factors of 430004?
2, 193, 557
What are the prime factors of 322895?
5, 64579
List the prime factors of 265047.
3, 17, 5197
List the prime factors of 4553303.
4553303
What are the prime factors of 37053863?
7, 11, 17, 28307
What are the prime factors of 1389200?
2, 5, 23, 151
List the prime factors of 50522.
2, 25261
List the prime factors of 1213983.
3, 134887
List the prime factors of 1960316.
2, 31, 15809
List the prime factors of 752174.
2, 71, 5297
List the prime factors of 7142460.
2, 3, 5, 13, 9157
What are the prime factors of 155838?
2, 3, 19, 1367
What are the prime factors of 1765550?
2, 5, 35311
What are the prime factors of 6739886?
2, 3369943
What are the prime factors of 2616709?
59, 44351
What are the prime factors of 389231?
389231
What 